5?
831d2
What is -187a09 (base 12) in base 9?
-722420
132012031 (base 4) to base 6
2350421
Convert 27aa48 (base 12) to base 11.
412078
895d27 (base 15) to base 10
6550462
10110011000110101 (base 2) to base 8
263065
-b57d8 (base 15) to base 7
-4614632
Convert 104051503 (base 6) to base 13.
507771
136221601 (base 7) to base 4
202100132122
Convert 656263 (base 7) to base 6.
2244344
54e55 (base 15) to base 2
1000001111000011111
-2982642 (base 12) to base 13
-19760c3
What is 202012021112 (base 3) in base 13?
10bc17
Convert 145261 (base 10) to base 3.
21101021001
-51620345 (base 8) to base 15
-e654a8
2aae (base 15) to base 13
422c
What is -3300033 (base 5) in base 8?
-155714
22022312 (base 5) to base 12
9150a
What is -3b1a9 (base 15) in base 4?
-232033020
Convert -11000001111110111101 (base 2) to base 16.
-c1fbd
Convert -4025546 (base 7) to base 13.
-1393a6
What is a586a7 (base 11) in base 10?
1695206
Convert 31eed2 (base 16) to base 6.
154050002
What is -57b6c0 (base 13) in base 15?
-2b1c1e
Convert 1004110123 (base 5) to base 6.
111141045
-3a0c8 (base 15) to base 4
-231113111
What is -102222112002 (base 3) in base 14?
-61d43
What is 7aa2 (base 16) in base 5?
2001034
-363aa (base 12) to base 13
-273a0
15225522 (base 7) to base 15
1da420
What is 881643 (base 10) in base 12?
366263
-33343773 (base 8) to base 3
-111112112011101
Convert -24731 (base 13) to base 14.
-1a673
What is 11663a (base 14) in base 16?
9100c
327e (base 15) to base 13
4b38
455327 (base 10) to base 3
212010120222
-266428 (base 11) to base 5
-101342243
50822 (base 10) to base 8
143206
What is -212a0 (base 11) in base 8?
-74365
What is 201443440 (base 5) in base 14?
1720a6
1000000011000101010101 (base 2) to base 15
2ba1c1
Convert 20705242 (base 8) to base 5.
2113121102
-1632210 (base 10) to base 14
-306b86
Convert 333434304 (base 5) to base 14.
2a302b
What is -110011111100111110000110 (base 2) in base 6?
-1203523142
What is -d2aaf4 (base 16) in base 6?
-1211530100
What is -11145040 (base 6) in base 15?
-6ae06
What is 116916 (base 10) in base 13?
412a7
Convert -308880 (base 9) to base 5.
-21334244
-4316594 (base 11) to base 10
-7592732
56177 (base 10) to base 11
39230
-6a831 (base 12) to base 15
-2c50a
604454 (base 13) to base 3
11012122222122
1000110110010100110 (base 2) to base 14
77954
Convert -aaa6 (base 16) to base 5.
-2344221
What is -432564 (base 7) in base 14?
-1d6a4
What is 405726 (base 8) in base 16?
20bd6
Convert -1c094 (base 14) to base 16.
-11732
Convert 65710 (base 14) to base 11.
158585
-7eb642 (base 16) to base 8
-37533102
What is -1a84993 (base 11) in base 16?
-357e32
-3cd17 (base 14) to base 9
-248704
103b575 (base 13) to base 10
4937600
What is 432172 (base 9) in base 16?
3edcb
Convert 2776546 (base 8) to base 5.
200121031
-3303043100 (base 5) to base 6
-411434305
-453204 (base 8) to base 15
-305ea
Convert -689155 (base 10) to base 13.
-1b18ac
Convert -84c24 (base 14) to base 5.
-40230223
What is 2d2dc1 (base 15) in base 11?
1263a18
Convert 12111220102 (base 3) to base 6.
2154315
a5888 (base 12) to base 5
23423011
Convert 7251166 (base 10) to base 5.
3324014131
544430410 (base 6) to base 16
949d46
2204122 (base 5) to base 11
2663a
Convert 11131105 (base 7) to base 15.
141184
-13546426 (base 9) to base 8
-31444617
What is -642572 (base 8) in base 5?
-23330034
-187819 (base 13) to base 14
-120982
Convert 3040243 (base 7) to base 5.
43101210
What is -112100022 (base 3) in base 14?
-3b4d
Convert 60670 (base 12) to base 11.
86208
Convert 58a224 (base 14) to base 15.
3eb15c
Convert -1335ab (base 15) to base 11.
-580233
-2b488 (base 12) to base 13
-21ab8
Convert -a2bc8 (base 15) to base 3.
-222012100122
Convert -350032144 (base 6) to base 8.
-30447640
Convert -5203404 (base 10) to base 11.
-2a34438
114031144 (base 6) to base 9
4036641
What is 16199b2 (base 15) in base 9?
33142105
What is 39d254 (base 14) in base 12?
802876
What is 300302021222 (base 4) in base 13?
2859a79
Convert 9472 (base 14) to base 3.
1022002102
-62cbaa (base 15) to base 10
-4700635
Convert -1002506 (base 7) to base 13.
-41c90
What is -47413 (base 8) in base 5?
-1121420
Convert -1315985 (base 11) to base 12.
-9199a0
Convert -2251514 (base 6) to base 16.
-1c426
100000000110110100010010 (base 2) to base 9
16747270
152739 (base 10) to base 16
254a3
What is -20103030212 (base 4) in base 2?
-1000010011001100100110
What is -111311130 (base 4) in base 2?
-10101110101011100
-1010120210 (base 4) to base 6
-10000432
What is 16a9b (base 15) in base 9?
121452
447 (base 16) to base 8
2107
Convert -3156 (base 16) to base 6.
-134250
-2115251 (base 11) to base 4
-32031213013
What is -2310957 (base 12) in base 14?
-c7668b
What is 1330264 (base 7) in base 4?
222310321
10110000011100101111 (base 2) to base 13
1c3c70
3201210132 (base 4) to base 8
3414436
Convert 330143531 (base 6) to base 16.
59e96f
47442 (base 8) to base 15
6008
-1414e (base 15) to base 5
-4030144
What is 918020 (base 10) in base 11?
5777a4
-113044240 (base 5) to base 6
-15041211
Convert 82dc (base 15) to base 10.
27657
2772514 (base 10) to base 7
32365063
3443222120 (base 5) to base 8
35554753
Convert -101010211222 (base 3) to base 2.
-110000101111010101
-100003023131 (base 4) to base 14
-7b73d3
Convert 142521215 (base 6) to base 8.
13143253
-5338e (base 16) to base 10
-340878
35f418 (base 16) to base 8
15372030
a17522 (base 12) to base 4
21213230222
-2573920 (base 12) to base 10
-7367784
-16302416 (base 7) to base 8
-6017321
What is 200515 (base 9) in base 16?
1cef5
-4815003 (base 9) to base 4
-21330303231
Convert 10076006 (base 8) to base 15.
2c0bbc
106927 (base 13) to base 12
167491
-1001100102110 (base 3) to base 6
-15543150
Convert 532d6 (base 14) to base 2.
110001000010111100
What is -10010102000201 (base 3) in base 15?
-22c40a
What is -33b35 (base 16) in base 11?
-135114
What is 16eec (base 15) in base 12?
36b73
136461 (base 8) to base 12
24041
-65ae10 (base 16) to base 14
-c56664
What is 100101000001000100000 (base 2) in base 5?
302303320
Convert 1291a5 (base 13) to base 5.
103322432
What is -1451305 (base 6) in base 14?
-22b69
1402442 (base 7) to base 10
185789
Convert 1b79891 (base 13) to base 7.
140423332
-818919 (base 11) to base 7
-14114153
What is -68346 (base 9) in base 13?
-17919
Convert 338883 (base 14) to base 15.
24933a
Convert 163437 (base 9) to base 11.
69942
Convert -43d3c (base 14) to base 12.
-7b242
1658742 (base 10) to base 14
3126d8
What is -1000001110001010110 (base 2) in base 14?
-7026a
3201230110 (base 4) to base 8
3415424
-40214324 (base 5) to base 8
-1160734
-251088a (base 11) to base 14
-8185a4
461304 (base 7) to base 4
110003100
-2472771 (base 9) to base 6
-44512314
Convert 329097 (base 11) to base 13.
154989
-1201201022 (base 3) to base 12
-1785b
What is -1566657 (base 9) in base 14?
-18959a
-648683 (base 10) to base 2
-10011110010111101011
214b5 (base 15) to base 14
2a739
What is 44b687 (base 12) in base 6?
35312251
Convert -a8cb58 (base 13) to base 14.
-754990
What is -2ed8a (base 15) in base 8?
-450003
What is -194359 (base 12) in base 14?
-b7577
What is 522555 (base 9) in base 3?
120202121212
Convert 1033210 (base 6) to base 12.
25806
Convert -49485b (base 12) to base 14.
-22d9c3
What is 196a36 (base 11) in base 3?
120100100020
10010101101110001 (base 2) to base 9
126134
What is -364901 (base 11) in base 16?
-8cf85
503121553 (base 6) to base 5
4142030340
Convert 323ba5 (base 13) to base 16.
11ffc2
What is 101101100010101000001100 (base 2) in base 12?
3bb88b8
What is -101571 (base 14) in base 10?
-541647
Convert 10110100101101000 (base 2) to base 8.
264550
Convert 21330002120 (base 4) to base 3.
11220100200012
-160ac2 (base 13) to base 16
-84efb
11010211433 (base 5) to base 2
101101000001110101011001
Convert -be35d3 (base 16) to base 13.
-2775c0a
-546 (base 12) to base 6
-3330
What is 3963020 (base 10) in base 16?
3c788c
4d28f (base 16) to base 11
1a64a6
1020002001 (base 3) to base 7
130204
-1050089 (base 10) to base 11
-657a47
110022002121002 (base 3) to base 15
891bb8
Convert a2358 (base 12) to base 13.
75251
What is -101011000110010010010010 (base 2) in base 15?
-ed280d
Convert 56522c (base 15) to base 13.
b124a8
What is -30100 (base 15) in base 2?
-100101001000100100
401313144 (base 5) to base 4
12003311011
-